- 4*i - 84. Calculate the remainder when y is divided by 8.
4
Let r = 13 - 2. What is the remainder when 52 is divided by r?
8
Let q(f) = 2*f + 5. What is the remainder when 92 is divided by q(13)?
30
Let m = -57 - 152. Suppose -4*d + 4*f + 60 = 0, -4*d = 4*f - 7 - 29. Calculate the remainder when m/(-9) + 4/(-18) is divided by d.
11
Let a = 73 - -2. What is the remainder when a is divided by 39?
36
Let d = -38 + 63. Calculate the remainder when 48 is divided by d.
23
Let h(l) = -2*l**2 - l - 1. Let w be h(-1). Let q = w + 15. What is the remainder when 24 is divided by q?
11
Suppose -2*n + 5*u = -194, n + 4*n - 518 = -4*u. What is the remainder when n is divided by 35?
32
Suppose -2*t - 11 - 3 = 0. Calculate the remainder when 3 is divided by 14/4 + t/14.
0
Let t = -18 + 28. Suppose -j = -0*j. Calculate the remainder when 9*-1*(j + -2) is divided by t.
8
Let i(p) = -p + 3*p**2 + 3*p**2 + 7 - 5*p**2. What is the remainder when 2 - (-9 - (-4)/(-2)) is divided by i(0)?
6
Let b = 19 + -2. Let o be 3 + (0 - 2) - -1. Suppose -o*r = -5*t - r + 46, -5*r - 32 = -3*t. What is the remainder when b is divided by t?
8
Suppose 4*b + 20 = 6*b. What is the remainder when 18 is divided by b?
8
Suppose 4*m + 55 + 9 = 0. Let u = -6 - m. What is the remainder when 39 is divided by u?
9
Let j(l) = -2*l**3 + l**2 - l - 1. Let z(g) = -g**2 + 12*g - 11. Let u be z(10). Suppose -u = -5*o + 46. Calculate the remainder when j(-2) is divided by o.
10
Let k = 177 + -132. What is the remainder when 268 is divided by k?
43
Let a = 63 - 62. Calculate the remainder when 4 is divided by a.
0
Let z = 20 - -21. What is the remainder when z is divided by 15?
11
Let c = 24 - 14. Calculate the remainder when c is divided by (1/1)/(9/63).
3
Let o = -41 + 85. What is the remainder when o is divided by 9?
8
Let p(z) = z**3 + 5*z**2 + 2*z + 7. Let w be p(-5). Let j(v) = -2*v - 1. What is the remainder when 8 is divided by j(w)?
3
What is the remainder when (8/(-10))/((-2)/75) is divided by 19?
11
Suppose -2*h + 2*w = -h - 26, 4*w - 48 = -3*h. Suppose 0 = 2*d + 68 + 10. Let x = h - d. What is the remainder when x is divided by 15?
14
Let l(o) = -o**2 + 3*o + 4. Let i be l(4). Suppose i = 3*r - 86 + 29. Suppose -51 = -5*j + r. Calculate the remainder when 40 is divided by j.
12
Let f = 480 - 453. Suppose 4*s + 4 = -4, 0 = -2*c + 5*s + 40. Calculate the remainder when f is divided by c.
12
Let f(k) = k**3 + 6*k**2 + 6*k. Let z be f(-4). Suppose -5*x - 5 = -0, 3*m + 4*x = z. Suppose -53 = -m*t + 3. What is the remainder when 40 is divided by t?
12
Suppose -33 = -4*w + 119. Calculate the remainder when w is divided by 10.
8
Suppose q = -5*y - 0 + 3, -3 = -4*y - q. Suppose -4 = -3*s + 2*s. Suppose 2*i = -y + s. Calculate the remainder when 5 is divided by i.
1
Suppose -44*f + 35 + 405 = 0. Suppose 5*x + 4*l + 8 = x, -3*x + 2*l - 6 = 0. What is the remainder when -1 + 30 + 0/x is divided by f?
9
Let x = -36 + 111. Calculate the remainder when x is divided by 19.
18
Suppose 3*s - 2*r = -15, 5*s + r - 3*r + 21 = 0. Let p be (-26)/(-6) - 2/s. Suppose j - p = 6. Calculate the remainder when 32 is divided by j.
10
Suppose 0 = h - 3*h. Suppose h = 2*l - 27 - 17. Suppose 52 = 5*m + l. What is the remainder when 17 is divided by m?
5
Let f(s) = 0*s**2 + 3*s - 2*s**3 - 2*s**2 - s**2. Let p be f(-3). Suppose p = 2*y - 0*y. Calculate the remainder when y is divided by 5.
4
Let q = 145 - 38. What is the remainder when q is divided by 22?
19
Suppose -3*x + 1 = -4*j - 16, 5*j + 3*x + 1 = 0. What is the remainder when (-1 - 0)*(j + -21) is divided by (-2)/(-4)*-2*-8?
7
Suppose 2*c + 4*j = 6, 4*c = 2*j + 7 + 25. What is the remainder when 39 is divided by c?
4
Suppose -349 - 246 = -5*m. What is the remainder when m is divided by 12?
11
Let x(y) = y**3 + 10*y**2 - y - 6. Let g be x(-10). Suppose -80 = -g*o + c, 4*o - 88 = -0*c - c. What is the remainder when 60 is divided by o?
18
Suppose 6 = -t + 3*r, 2*t + 3*r - 32 = -8. Suppose -p - 4*x + 15 = -t, -2*x = 2*p - 42. Calculate the remainder when 41 is divided by p.
20
Let s(p) = p**2 + p. Calculate the remainder when 45 is divided by s(3).
9
Suppose -3*q - 6 + 21 = 0. Suppose 0 = -q*o - 22 - 3. Let l(r) = -8*r - 2. What is the remainder when l(o) is divided by 20?
18
Let z be 82/(-7) + (-4)/14. Let b be (-652)/z + 2/(-6). Suppose -b = 5*w - 169. Calculate the remainder when w is divided by 8.
7
Suppose -3*f = -5*f + 44. Calculate the remainder when 129 is divided by f.
19
What is the remainder when (-3)/6*-14 - 0 is divided by 4?
3
Let u be (-2)/(-2) + 4/2. Suppose 0 = o - 4*v + 20, u*o - v = -3*v - 46. Calculate the remainder when -1*(o + -2 + 1) is divided by 9.
8
Suppose 0 = -4*a - 3*m + 84, -6*a + 92 = -2*a + 5*m. Calculate the remainder when 51 is divided by a.
15
Let h = 252 + -176. Suppose 2*k - 20 = 5*t - t, 3*t = -5*k + h. Suppose 17 = -f + 6*f - s, -16 = -f - 4*s. Calculate the remainder when k is divided by f.
2
Suppose q + q = -2. Calculate the remainder when 30/((0 + -1)/q) is divided by (-2)/(-8) - (-63)/4.
14
Let k be 1 + 3 - (9 + 1). Suppose -6 = -0*a - a. Let w = a - k. What is the remainder when 33 is divided by w?
9
What is the remainder when 32 is divided by (-1 + -21)*(6/4 + -2)?
10
Suppose 4*r - 19 = 21. Let j(m) = m**3 - 4*m**2 + 5*m - 3. Let l be j(3). Suppose -l*a = -0*a - 57. What is the remainder when a is divided by r?
9
Suppose 8*h = 4*h + 252. Calculate the remainder when h is divided by 8.
7
Calculate the remainder when (-16)/72 - 128/(-9) is divided by 3.
2
Let u(r) = r**3 + 10*r**2 + 10*r + 8. Suppose 2*h - 67 = -3*t, 120 = t + 4*t + 5*h. What is the remainder when u(-8) is divided by t?
18
Suppose u - 55 = 5*z, 2*z + 0 = -4*u - 44. Let p = z - -17. Suppose p*w = 5*o + 60, 2*o - 8 = -2*w + 20. Calculate the remainder when w is divided by 4.
1
Let d(i) = -8*i**2 + i - 1. Let j(g) = g + 5. Let r be j(-4). Let a be d(r). Let n = a + 12. Calculate the remainder when n is divided by 3.
1
Suppose -m - 3 + 6 = 0. Suppose -2*p - 16 = -4*d, 3*d - 4*p - 2 = d. What is the remainder when d is divided by m?
2
Let o = -69 + 79. What is the remainder when 38 is divided by o?
8
Suppose 9*v = v + 32. Suppose 2*c + 2*r = 27 - 1, 40 = 4*c + r. What is the remainder when c is divided by v?
1
Let n be (-1)/(-1*1/43). Suppose 84 = -4*z - 4*c, 4*z + 5*c + 40 = -n. Let x = -13 - z. What is the remainder when x is divided by 5?
4
Let s(z) = -z**3 - 3*z**2 - 3*z - 2. Let x(t) = 3*t + 3. Let k be x(-2). Calculate the remainder when ((-9)/(-6))/((-3)/(-40)) is divided by s(k).
6
Suppose 9*w - 4*w - 10 = 0. Suppose w*m = 6 - 32. Let l = m - -24. What is the remainder when 32 is divided by l?
10
Suppose -2*d + 213 = 1. Calculate the remainder when d is divided by 27.
25
Let q be (-50)/(-8) + 2/(-8). Suppose 5*s + 39 = 2*g, q*g + s - 89 = 2*g. Suppose 2*p = g + 4. Calculate the remainder when p is divided by 7.
6
Suppose -222 = -2*y - 4*y. Let w = 15 + -5. What is the remainder when y is divided by w?
7
Suppose 30 + 45 = 3*h. Suppose d + 2*d - 117 = 0. Suppose -3*r + d = -0*r. What is the remainder when h is divided by r?
12
Suppose -2*q = -4*z + 96, -111 = -0*z - 5*z - 2*q. What is the remainder when (-365)/(-4) + (-2)/8 is divided by z?
22
Let p(a) = a**2 - 14*a + 41. Calculate the remainder when 159 is divided by p(11).
7
Suppose 3*c = -4*c + 210. What is the remainder when c is divided by 8?
6
Let i = 8 + -6. What is the remainder when 7 is divided by i?
1
Suppose 3*f = 7*f - 80. What is the remainder when 37 is divided by f?
17
Suppose 2*p = -0*p. Suppose -n - 2*n + 18 = p. What is the remainder when (-1)/(-3) + 682/33 is divided by n?
3
Let d(v) be the second derivative of -v**4/12 + 3*v**3/2 - 2*v**2 - v. Let n be 4/(-1 - (-5)/3). Calculate the remainder when d(n) is divided by 5.
4
Suppose -3*v + 10 = 1, 5*v - 115 = -2*u. Suppose 0 = s + 3*q - 4, s - u = -4*s - 5*q. Let k = s + 1. What is the remainder when k is divided by 5?
4
Let j(m) = -m**2 + 8*m - 7. Let w be j(7). Suppose -g + 4*o + 6 = 0, -12 = -g - w*g + o. Calculate the remainder when 26 is divided by g.
12
Suppose 3*k = -k + 160. Suppose 0 = 7*l - 2*l - k. What is the remainder when l is divided by (3 + 0)/(3 + -2)?
2
Suppose 191 = 5*l - 4*w, 57 = l - w + 18. Let f(c) = c + 20. Let 